e 9?
16
What is -1021210200 (base 3) in base 10?
-25371
What is -118a (base 11) in base 16?
-60e
Convert 5654 (base 11) to base 12.
4380
94 (base 11) to base 12
87
Convert 1634 (base 16) to base 10.
5684
-34a (base 13) to base 11
-478
Convert -10101222 (base 3) to base 14.
-c95
Convert -2240 (base 5) to base 10.
-320
What is -572 (base 16) in base 5?
-21034
What is 672 (base 14) in base 5?
20101
1210 (base 9) to base 13
543
What is 15504 (base 8) in base 10?
6980
Convert -2062 (base 8) to base 13.
-648
-5521 (base 7) to base 11
-1536
What is 5d (base 16) in base 13?
72
-99 (base 11) to base 9
-130
117407 (base 8) to base 13
156b8
Convert -1255 (base 10) to base 7.
-3442
Convert -32212 (base 4) to base 9.
-1247
Convert -ba0 (base 14) to base 5.
-33141
Convert 22535 (base 6) to base 10.
3227
Convert -3110030 (base 4) to base 6.
-142512
What is -16a2b (base 12) in base 3?
-1122200122
Convert -24b (base 13) to base 11.
-335
Convert 296 (base 11) to base 10.
347
Convert -111412 (base 5) to base 9.
-5414
Convert 212112 (base 3) to base 12.
44b
Convert 20101200 (base 3) to base 2.
1001000110110
10039 (base 10) to base 14
3931
Convert 797 (base 12) to base 3.
1112121
Convert 1133125 (base 6) to base 2.
1110011010001101
What is -1355 (base 7) in base 12?
-382
What is 387a1 (base 11) in base 12?
28175
-60b1 (base 13) to base 8
-32016
What is -1000010001000001 (base 2) in base 11?
-2348a
Convert -10628 (base 9) to base 4.
-1232201
3310334 (base 5) to base 4
31322021
-8cc (base 15) to base 2
-11111001000
8750 (base 11) to base 4
2310132
Convert 11110111 (base 3) to base 13.
1633
What is -104301 (base 5) in base 9?
-5062
1b6 (base 12) to base 5
2112
Convert 22221 (base 3) to base 6.
1041
Convert 4303 (base 7) to base 4.
113302
What is -4251 (base 8) in base 13?
-1017
What is 34 (base 8) in base 4?
130
What is -349a (base 12) in base 14?
-21dc
What is -2112012022 (base 3) in base 4?
-30020303
Convert 1010 (base 4) to base 11.
62
What is -140232 (base 5) in base 11?
-4305
1a62a (base 11) to base 16
7025
Convert 2022201 (base 3) to base 2.
11010011101
Convert -11101002 (base 4) to base 15.
-65d0
-12731 (base 9) to base 3
-102211001
What is 60365 (base 7) in base 8?
34410
Convert 4514 (base 7) to base 10.
1628
What is -2211012211 (base 3) in base 11?
-38820
What is b20 (base 13) in base 11?
1464
What is -10111001 (base 2) in base 12?
-135
What is 1010011100000 (base 2) in base 15?
18b4
What is 222022 (base 3) in base 15?
325
-11000010 (base 2) to base 10
-194
Convert -6512 (base 7) to base 9.
-3148
165 (base 14) to base 9
346
Convert 20124 (base 6) to base 2.
101001010100
-212343 (base 5) to base 2
-1110000110111
What is 753 (base 15) in base 4?
121311
What is 11011101011101 (base 2) in base 9?
21387
What is -6a4 (base 13) in base 10?
-1148
Convert 23203 (base 5) to base 16.
68e
What is 7b33 (base 12) in base 7?
54666
-348 (base 16) to base 8
-1510
Convert -4 (base 13) to base 8.
-4
What is 233053 (base 6) in base 10?
20121
What is 760 (base 16) in base 4?
131200
Convert -75a (base 14) to base 11.
-1100
What is -12101022 (base 3) in base 15?
-1268
4c77 (base 13) to base 7
43551
Convert -274 (base 12) to base 3.
-111221
-1240331 (base 5) to base 12
-121aa
What is 364 (base 10) in base 6?
1404
Convert 1101001100 (base 2) to base 16.
34c
What is -121510 (base 8) in base 3?
-2010100011
What is 20010110 (base 3) in base 15?
14cc
Convert -13514 (base 6) to base 5.
-32014
What is 1674 (base 8) in base 14?
4c4
Convert 931 (base 12) to base 8.
2465
Convert cb1 (base 15) to base 12.
17aa
-14209 (base 11) to base 13
-9281
What is 54456 (base 8) in base 13?
a512
-6195 (base 12) to base 4
-2212001
What is -438b (base 15) in base 6?
-150122
Convert 417 (base 13) to base 4.
22320
What is 388 (base 14) in base 15?
323
What is -121112 (base 3) in base 12?
-312
Convert -419 (base 14) to base 12.
-573
Convert 34dd (base 14) to base 11.
6a14
-a31 (base 16) to base 11
-1a62
Convert -1c25 (base 14) to base 16.
-1409
Convert a (base 11) to base 7.
13
What is 11141 (base 5) in base 8?
1434
c90c (base 14) to base 3
1202121100
What is 32643 (base 8) in base 10?
13731
What is 61473 (base 9) in base 2?
1001111000100101
Convert 101131113 (base 4) to base 15.
162c6
What is -110001000000 (base 2) in base 12?
-1994
Convert -11401 (base 6) to base 11.
-1277
2348 (base 12) to base 16
f68
403 (base 7) to base 14
103
Convert -1011002022 (base 3) to base 15.
-6aab
What is 98b0 (base 12) in base 8?
40704
Convert 356a (base 15) to base 5.
330400
Convert 81 (base 16) to base 15.
89
357 (base 8) to base 5
1424
Convert -63 (base 15) to base 2.
-1011101
21120011 (base 3) to base 16
1588
Convert dc2 (base 16) to base 5.
103042
Convert -230010 (base 4) to base 9.
-3773
What is -11640 (base 10) in base 7?
-45636
Convert 2302 (base 7) to base 5.
11320
What is 3698 (base 13) in base 6?
55442
-560 (base 12) to base 9
-1070
What is 490 (base 13) in base 10?
793
What is -12202 (base 7) in base 16?
-c73
-1101101001 (base 2) to base 6
-4013
Convert -1312 (base 8) to base 2.
-1011001010
What is -1102 (base 14) in base 10?
-2942
Convert 10000110000110 (base 2) to base 7.
34010
What is -660 (base 8) in base 12?
-300
Convert 2258 (base 10) to base 12.
1382
What is -d721 (base 14) in base 6?
-443345
Convert -663 (base 14) to base 13.
-762
What is 242 (base 16) in base 14?
2d4
Convert -2374 (base 8) to base 5.
-20101
Convert 11121 (base 6) to base 13.
931
73f (base 16) to base 13
ac9
Convert -6e28 (base 15) to base 9.
-35132
Convert 241421 (base 5) to base 8.
21432
4538 (base 11) to base 6
43350
-22731 (base 8) to base 13
-4544
Convert -7 (base 13) to base 16.
-7
Convert 6072 (base 8) to base 4.
300322
What is -b11 (base 15) in base 12?
-1537
What is -7164 (base 12) in base 11?
-9287
Convert 22011321 (base 4) to base 16.
a179
Convert -17273 (base 10) to base 6.
-211545
10100100 (base 2) to base 16
a4
Convert -1101101100 (base 2) to base 6.
-4020
What is 9186 (base 11) in base 14?
4630
What is 80a4 (base 12) in base 14?
5124
1025 (base 11) to base 4
111032
-2014 (base 10) to base 8
-3736
-20 (base 16) to base 11
-2a
What is 824 (base 9) in base 16?
29e
Convert -3cc6 (base 13) to base 4.
-2021031
What is 18388 (base 12) in base 9?
53125
-1218 (base 9) to base 13
-54b
176 (base 11) to base 12
150
Convert 10010010110 (base 2) to base 5.
14144
What is 25540 (base 9) in base 8?
41470
Convert -16255 (base 9) to base 15.
-3482
Convert -100100 (base 5) to base 9.
-4280
What is 2000 (base 8) in base 4?
100000
What is 26600 (base 8) in base 13?
53c0
What is 150a (base 14) in base 9?
5108
Convert 203021 (base 4) to base 12.
1375
Convert 3b94 (base 13) to base 14.
31a3
Convert -134 (base 8) to base 6.
-232
-22874 (base 10) to base 5
-1212444
What is -345 (base 10) in base 4?
-11121
What is 5515 (base 11) in base 12?
4264
5406 (base 9) to base 15
12a0
What is -1111110100010110 (base 2) in base 9?
-107778
What is 233 (base 12) in base 4?
11013
Convert -568 (base 10) to base 2.
-1000111000
-343133 (base 5) to base 12
-7145
What is 308 (base 9) in base 8?
373
-21213 (base 4) to base 10
-615
What is -6665 (base 9) in base 6?
-34435
What is -219 (base 14) in base 3?
-120101
a9a0 (base 15) to base 7
206511
47 (base 15) to base 14
4b
11100011110001 (base 2) to base 9
21886
Convert -2010012 (base 3) to base 12.
-a88
445 (base 7) to base 15
104
What is -7b48 (base 12) in base 8?
-32650
Convert -6b8 (base 15) to base 10.
-1523
Convert -23e6 (base 16) to base 13.
-424c
What is -74a1 (base 14) in base 8?
-47245
What is 3120 (base 5) in base 10?
410
Convert 11143 (base 5) to base 6.
3410
What is -224 (base 12) in base 6?
-1244
Convert 26ab (base 12) to base 10.
4451
Convert 1102004 (base 5) to base 15.
596e
-3133 (base 4) to base 11
-193
Convert -13355 (base 6) to base 7.
-6041
What is -110031 (base 4) in base 14?
-685
What is 2378 (base 15) in base 5?
220123
What is -8a52 (base 13) in base 3?
-222112001
1012 (base 8) to base 2
1000001010
Convert 10101100 (base 2) to base 14.
c4
-2bb8 (base 14) to base 6
-100050
Convert -22a (base 13) to base 15.
-19e
-10320 (base 7) to base 12
-1596
Convert -1114044 (base 5) to base 2.
-100110110111011
Convert -1212313 (base 4) to base 3.
-100000211
What is -2863 (base 14) in base 8?
-15747
What is -31d (